(base 2) to base 8.
143
What is -14 (base 7) in base 16?
-b
-c (base 14) to base 12
-10
-24 (base 14) to base 11
-2a
3 (base 6) to base 3
10
What is 150 (base 9) in base 4?
1332
18 (base 14) to base 10
22
Convert 17 (base 14) to base 12.
19
Convert 4 (base 16) to base 3.
11
Convert -5 (base 16) to base 6.
-5
-70 (base 11) to base 5
-302
What is 11 (base 4) in base 15?
5
-12 (base 12) to base 13
-11
What is -10 (base 6) in base 14?
-6
What is -5d (base 16) in base 5?
-333
Convert 7 (base 15) to base 9.
7
80 (base 13) to base 6
252
What is 11001 (base 3) in base 7?
214
-42 (base 11) to base 10
-46
Convert 1 (base 13) to base 11.
1
Convert 57 (base 8) to base 4.
233
What is -3142 (base 5) in base 15?
-1d2
What is -17 (base 10) in base 14?
-13
11 (base 6) to base 15
7
-5 (base 13) to base 16
-5
Convert 7 (base 10) to base 14.
7
3 (base 11) to base 5
3
Convert 10200 (base 3) to base 12.
83
What is -1000 (base 2) in base 14?
-8
-4 (base 15) to base 9
-4
Convert c7 (base 13) to base 3.
20001
Convert a3 (base 12) to base 7.
234
What is 114 (base 7) in base 3?
2020
-23 (base 6) to base 13
-12
What is 20 (base 11) in base 8?
26
What is 1 (base 5) in base 7?
1
Convert 0 (base 15) to base 12.
0
110 (base 3) to base 11
11
Convert -6 (base 13) to base 2.
-110
Convert 54 (base 11) to base 15.
3e
Convert -2 (base 5) to base 16.
-2
What is 46 (base 10) in base 3?
1201
What is -49 (base 11) in base 15?
-38
Convert 37 (base 10) to base 12.
31
What is ab (base 16) in base 11?
146
What is 1022 (base 3) in base 11?
32
Convert -11202 (base 3) to base 12.
-a8
-174 (base 12) to base 13
-14b
What is -5 (base 16) in base 12?
-5
-5 (base 8) to base 5
-10
23 (base 16) to base 10
35
-1 (base 9) to base 14
-1
What is -7 (base 11) in base 6?
-11
What is -2 (base 3) in base 5?
-2
Convert 3 (base 12) to base 10.
3
-b2 (base 12) to base 16
-86
b (base 15) to base 10
11
-42 (base 8) to base 15
-24
25 (base 10) to base 15
1a
-4 (base 7) to base 6
-4
-3 (base 14) to base 4
-3
Convert -1104 (base 6) to base 10.
-256
Convert 58 (base 15) to base 8.
123
-10 (base 9) to base 11
-9
What is 3 (base 5) in base 3?
10
What is -10 (base 14) in base 12?
-12
Convert 84 (base 10) to base 8.
124
3 (base 15) to base 4
3
What is 0 (base 6) in base 13?
0
What is -111 (base 2) in base 16?
-7
Convert -34 (base 5) to base 13.
-16
What is 23 (base 6) in base 12?
13
12002 (base 4) to base 5
3021
Convert -2 (base 4) to base 8.
-2
What is -4 (base 13) in base 4?
-10
Convert -d (base 15) to base 8.
-15
Convert 110100 (base 2) to base 9.
57
Convert 12 (base 4) to base 16.
6
What is 1 (base 5) in base 8?
1
What is -24 (base 12) in base 11?
-26
What is -20 (base 4) in base 14?
-8
What is 10 (base 8) in base 6?
12
What is 0 (base 11) in base 10?
0
Convert -2 (base 11) to base 4.
-2
Convert -10 (base 2) to base 6.
-2
Convert -40 (base 6) to base 11.
-22
What is -5 (base 8) in base 12?
-5
-d2 (base 14) to base 4
-2320
Convert 1e (base 15) to base 14.
21
Convert 4 (base 11) to base 13.
4
-6 (base 7) to base 5
-11
Convert -101 (base 3) to base 14.
-a
What is 1110 (base 2) in base 14?
10
Convert -1115 (base 6) to base 10.
-263
-1 (base 9) to base 13
-1
Convert -16 (base 11) to base 8.
-21
Convert -20 (base 4) to base 9.
-8
-2 (base 12) to base 3
-2
What is 10 (base 16) in base 4?
100
2 (base 3) to base 14
2
Convert 23 (base 10) to base 7.
32
What is 1 (base 7) in base 14?
1
Convert -28 (base 11) to base 5.
-110
Convert -2 (base 8) to base 10.
-2
What is 0 (base 5) in base 4?
0
What is -2 (base 15) in base 14?
-2
-13 (base 4) to base 3
-21
What is 24 (base 9) in base 4?
112
Convert -1 (base 8) to base 13.
-1
2 (base 13) to base 5
2
What is -39 (base 11) in base 3?
-1120
What is 302 (base 7) in base 15?
9e
Convert -192 (base 11) to base 2.
-11011110
What is 1325 (base 6) in base 4?
11111
Convert 47 (base 8) to base 6.
103
-134 (base 5) to base 4
-230
-32 (base 5) to base 7
-23
Convert -2 (base 16) to base 13.
-2
What is 1010 (base 6) in base 3?
22020
-100 (base 5) to base 9
-27
-d9 (base 14) to base 6
-515
What is -2 (base 16) in base 7?
-2
What is 3 (base 14) in base 9?
3
What is 31 (base 4) in base 14?
d
-4 (base 10) to base 13
-4
What is 21 (base 7) in base 13?
12
Convert 33 (base 16) to base 10.
51
Convert 7 (base 11) to base 3.
21
Convert 22 (base 5) to base 4.
30
Convert -9 (base 15) to base 2.
-1001
What is 1 (base 12) in base 8?
1
Convert -3 (base 8) to base 4.
-3
What is -1 (base 5) in base 16?
-1
Convert 2 (base 9) to base 15.
2
13 (base 6) to base 16
9
10 (base 2) to base 12
2
25 (base 11) to base 5
102
Convert 1 (base 6) to base 4.
1
Convert -2 (base 9) to base 6.
-2
Convert -1200 (base 4) to base 5.
-341
Convert 37 (base 15) to base 11.
48
0 (base 7) to base 15
0
-37 (base 11) to base 2
-101000
What is 130 (base 5) in base 13?
31
-7 (base 8) to base 12
-7
What is -100 (base 2) in base 3?
-11
Convert -36 (base 10) to base 3.
-1100
Convert 1000011 (base 2) to base 4.
1003
What is 55 (base 14) in base 16?
4b
Convert -47 (base 14) to base 5.
-223
115 (base 6) to base 14
35
-9 (base 10) to base 9
-10
Convert -194 (base 16) to base 3.
-112222
What is -442 (base 9) in base 4?
-11222
What is 1b (base 13) in base 11?
22
Convert 7 (base 14) to base 9.
7
What is -10 (base 5) in base 2?
-101
What is -20 (base 12) in base 15?
-19
Convert -1112 (base 3) to base 12.
-35
What is 58 (base 11) in base 10?
63
-14 (base 10) to base 15
-e
Convert -145 (base 7) to base 3.
-10001
Convert -8 (base 12) to base 10.
-8
-2 (base 6) to base 14
-2
What is 1 (base 5) in base 11?
1
What is 1 (base 16) in base 2?
1
What is 1 (base 11) in base 6?
1
-12 (base 9) to base 3
-102
Convert 1ba (base 12) to base 15.
141
-12 (base 4) to base 16
-6
1 (base 6) to base 12
1
-1 (base 9) to base 14
-1
Convert 15 (base 13) to base 9.
20
What is 10 (base 3) in base 8?
3
Convert 4 (base 6) to base 9.
4
Convert 5 (base 6) to base 3.
12
Convert -4 (base 10) to base 9.
-4
What is -5 (base 11) in base 10?
-5
-2 (base 9) to base 15
-2
What is -44 (base 13) in base 11?
-51
9 (base 14) to base 12
9
-2 (base 5) to base 13
-2
-24 (base 5) to base 11
-13
-14 (base 15) to base 3
-201
8 (base 16) to base 15
8
What is 5 (base 16) in base 2?
101
Convert 211 (base 8) to base 7.
254
What is -4 (base 12) in base 5?
-4
Convert 2e (base 16) to base 8.
56
Convert -3 (base 4) to base 13.
-3
What is -1 (base 4) in base 11?
-1
Convert 11101011 (base 2) to base 16.
eb
What is -4a (base 12) in base 2?
-111010
-4 (base 7) to base 9
-4
333 (base 4) to base 11
58
Convert 1011000 (base 2) to base 6.
224
-3 (base 4) to base 12
-3
Convert 4 (base 12) to base 7.
4
What is -40 (base 12) in base 15?
-33
Convert d (base 14) to base 8.
15
What is 44 (base 8) in base 7?
51
Convert -33 (base 9) to base 14.
-22
What is 2 (base 8) in base 2?
10
-8 (base 10) to base 14
-8
What is -3 (base 5) in base 11?
-3
What is 4 (base 6) in base 7?
4
Convert -4 (base 9) to base 13.
-4
Convert -40 (base 10) to base 9.
-44
3 (base 7) to base 3
10
What is 2 (base 14) in base 3?
2
What is 57 (base 9) in base 12?
44
Convert 5 (base 8) to base 12.
5
What is -111010 (base 2) in base 13?
-46
Convert -d3 (base 14) to base 4.
-2321
6 (base 15) to base 3
20
Convert -11 (base 4) to base 13.
-5
6 (base 10) to base 8
6
What is 13 (base 8) in base 5?
21
13 (base 16) to base 13
16
What is -7 (base 16) in base 10?
-7
-92 (base 16) to base 3
-12102
Convert 86 (base 9) to base 7.
141
2 (base 4) to base 9
2
What is -14 (base 6) in base 5?
-20
5 (base 6) to base 9
5
Convert -11 (base 4) to base 5.
-10
What is 1100 (base 4) in base 13?
62
Convert -3 (base 14) to base 11.
-3
Convert -3 (base 16) to base 6.
-3
Convert -c (base 14) to base 9.
-13
What is 3 (base 13) in base 7?
3
11201 (base 3) to base 16
7f
Convert -11 (base 4) to base 9.
-5
What is -2101 (base 4) in base 16?
-91
Convert -13 (base 5) to base 4.
-20
0 (base 13) to base 9
0
-211 (base 6) to base 10
-79
Convert 6b (base 15) to base 14.
73
What is -11 (base 3) in base 13?
-4
5 (base 7) to base 14
5
Convert -6 (base 16) to base 9.
-6
Convert -6 (base 8) to base 7.
-6
Convert -13 (base 4) to base 7.
-10
Convert 0 (base 6) to base 7.
0
Convert -13 (base 13) to base 11.
-15
Convert 0 (base 2) to base 14.
0
-7 (base 12) to base 8
-7
What is -44 (base 11) in base 7?
-